f p?
2, 3
Let p = -2 - -4. Let o be (-2 + (p - 17))/1. What are the prime factors of (-12)/(-16) + o/(-4)?
5
Suppose -4*x - 252 = -1724. List the prime factors of x.
2, 23
Let c(s) = 4*s + 7. Let z be (-6)/((-1)/(4/8)). List the prime factors of c(z).
19
Let m be 1*(-31 + 4 + -2). Let y = -11 - m. Suppose y = 3*b - b. List the prime factors of b.
3
Let g(r) be the third derivative of r**5/60 - r**4/12 - 5*r**3/6 - r**2. Let j be g(6). Let c = j + -8. What are the prime factors of c?
11
Let w = 846 - 593. What are the prime factors of w?
11, 23
Let k(r) = -2*r**2 - 3*r - 3. Let s be k(-3). List the prime factors of (-56)/s*72/14.
2, 3
Let i(p) = p**2 + 3*p + 1. Let v be i(-3). Let g = v - -1. Suppose -g*m + 5*m = 30. What are the prime factors of m?
2, 5
Let v be (((-30)/(-3))/1)/(-1). Let s be (4/v + 0)*-10. What are the prime factors of (-3 - s)*(-12)/14?
2, 3
Let y = -5 - -1. Let j = y + 9. Suppose 3*g + 13 + 11 = 3*u, -j*g = 20. What are the prime factors of u?
2
Suppose -4 = 2*j - 0. What are the prime factors of (j/(-2))/(4/28)?
7
Let o(f) = -2*f - 5. What are the prime factors of o(-7)?
3
Suppose -666 = -16*d + 10*d. List the prime factors of d.
3, 37
Let a = 15 + -15. Suppose -4*n + 62 + 98 = a. List the prime factors of n.
2, 5
Let k be ((-2)/(-5))/((-4)/(-40)). Suppose -k*a + 141 = -15. List the prime factors of a.
3, 13
Let l(i) = -i**2 + 1. Let b be l(1). Suppose b = 2*t + t - 159. Suppose -2*k - 3*v = -t + 15, 6 = 2*k - 5*v. List the prime factors of k.
13
Suppose 291 = 5*v - 229. What are the prime factors of v?
2, 13
Suppose j - 4*j = 2*g - 136, -5*j - g + 229 = 0. What are the prime factors of j?
2, 23
Let x be (60/50)/(2/(-5)). What are the prime factors of (-57)/x - (2 + -2)?
19
Let t = 20 + -50. List the prime factors of (-16)/(-12)*t/(-4).
2, 5
Suppose 4*v - 18 = v - c, -v + c = -2. Let f = 6 - 5. What are the prime factors of (-4)/v*(-6 + f)?
2
Let r(t) = t - 3. Let d be r(7). Suppose 5*n + d*s = 232, -5*n + s = -3*s - 208. List the prime factors of n.
2, 11
Let v(o) = 2*o + 22. What are the prime factors of v(6)?
2, 17
Let x = -76 - -14. Let f = -25 - x. What are the prime factors of f?
37
List the prime factors of (170/(-15) - -4)*33/(-2).
11
What are the prime factors of 52 + -1 + (0 - -1)?
2, 13
Let h(s) = 13*s - 5. List the prime factors of h(7).
2, 43
Suppose 7*w - 250 = 191. List the prime factors of w.
3, 7
Suppose 5*t - 4*i - 59 = 42, 4*t - 84 = 4*i. What are the prime factors of t?
17
Let n(g) = -7*g**3 - 2*g**2 + 1. Let k be n(-1). Suppose -q - 2 = -k. What are the prime factors of (-3 - -1)*(q + -5)?
2
Suppose 0*f + f = d + 6, 12 = 5*f + d. Suppose 2*l - f*l + 4 = 0. What are the prime factors of l?
2
Suppose 220 - 40 = 6*j. What are the prime factors of j?
2, 3, 5
Let q = 125 + -83. List the prime factors of q.
2, 3, 7
Suppose 0 = -7*r + 11*r. What are the prime factors of (-3 + r)*-7 + 2?
23
Suppose 5*n + 39 - 9 = 0. Let k(f) = f**3 + 7*f**2 + 4*f + 4. List the prime factors of k(n).
2
Let y(d) = d - 5. Let k be y(5). Suppose k = 3*g - 5*i - 7 - 9, -4*i - 8 = 0. Suppose -3 = -4*q - g*n + 41, -5*n - 40 = -5*q. What are the prime factors of q?
2, 5
Suppose -5*r + 380 = -2*k, -r + 2*r = k + 79. List the prime factors of r.
2, 37
Let b = 227 - 135. What are the prime factors of b?
2, 23
Suppose -5*n - 3*u = -1 + 2, u = -2. Let k be -3 - -1 - (-38)/n. Let l = -18 + k. What are the prime factors of l?
2, 3
Suppose -f = -14 + 3. Suppose 3*w = g + 27, -2*w - 2*g + 5*g + f = 0. List the prime factors of w.
2, 5
Let j be (-1)/4 + (-33)/12. Let g(n) = n**2 - 3. List the prime factors of g(j).
2, 3
Let p(w) = w. Let r be p(5). Suppose 4*s - 45 = -r*u, -4 = -s - 3*u + 2. List the prime factors of (1 - s/9)*-12.
2
Let o(s) = -2*s - 10. Let u be o(-7). Suppose 0 = -u*l - 5 + 13. Let w = 4 - l. List the prime factors of w.
2
Let a(d) be the third derivative of d**4/4 - 7*d**3/6 + 2*d**2. Let s be a(-5). Let q = -26 - s. What are the prime factors of q?
11
Let m be (-10)/(0 - 4/(-4)). What are the prime factors of -12*(2 + m/4)?
2, 3
Let y = 49 - 26. Let t = 0 + y. What are the prime factors of t?
23
Let r(l) = l**3 + 8*l**2 - 2*l - 10. List the prime factors of r(-8).
2, 3
Suppose 15 = 4*g - g. Let u = g - -7. List the prime factors of u.
2, 3
Let x be (-69)/(3/16*4). Let b = x + 132. What are the prime factors of b?
2, 5
Let i = -10 - -14. Suppose -b + i*b - 60 = 0. List the prime factors of b.
2, 5
Let a(w) = w**3 - w**2 - 2*w + 63. What are the prime factors of a(0)?
3, 7
Suppose 0 = -6*x - 172 + 862. List the prime factors of x.
5, 23
Suppose -i = -2*i. Suppose 18 + i = 3*y. What are the prime factors of y?
2, 3
Suppose 0 = -0*s + 4*s - 24. List the prime factors of s.
2, 3
Suppose -12*l - 35 = -7*l. Let s(d) = -d**3 - 7*d**2 - 4*d - 3. What are the prime factors of s(l)?
5
Let x(d) = 2*d - 1. Let t be x(-3). Let r = t + 11. Let f(y) = y**2 - 5*y + 6. What are the prime factors of f(r)?
2
Suppose -2*x + 4*x = -4*q, 4*q + 12 = 4*x. Let z = q - -22. List the prime factors of z.
3, 7
Suppose -5*f - n - 26 = 0, 9 = -f + 3*n - 9. Let v(y) = 3*y - 16. Let g(s) = s - 5. Let r(a) = -7*g(a) + 2*v(a). What are the prime factors of r(f)?
3
Suppose -7*t + 132 = -5*t. What are the prime factors of t?
2, 3, 11
Let x = -26 - -34. Suppose -i + 23 = k, 5*k - 2*i = 100 + x. List the prime factors of k.
2, 11
Let q be ((-4)/1)/(-4 + 3). Let u(a) = -q - 4*a + 9 + 2*a + a. List the prime factors of u(-6).
11
Let f be (-6)/21 + (-46)/(-14). Let h(b) = -10*b**3 + 3*b + 1. Let a be h(f). What are the prime factors of (-2)/(-11) + a/(-22)?
2, 3
Let q(v) = -2*v**3 + 5*v + 3. List the prime factors of q(-3).
2, 3, 7
Suppose -2*z + 4*t - 4 = 0, 2*t + 2*t = 4*z - 4. Suppose -40 = -l - z*l. List the prime factors of l.
2
Let c = 9 - 6. Suppose -4*t + 87 = g, c*t + 3*g - 82 = -19. List the prime factors of t.
2, 11
Let r(m) = m**3 - 4*m**2 + 3*m - 1. Let p be r(2). What are the prime factors of (2 - 0)/(p/(-12))?
2
Suppose 2*u - 2*x = 64, 153 = 4*u + x - 0*x. List the prime factors of u.
37
What are the prime factors of ((-108)/8)/(-3)*26?
3, 13
Let m = -3 + 8. Suppose j + 4*k = -4*j + 30, -m*j + 30 = 5*k. What are the prime factors of (j + 3)/(6/8)?
2, 3
Let l(r) = -r**2 + 4*r + 14. Let f = -6 + 12. List the prime factors of l(f).
2
Suppose 0*k = -k - 4*v + 116, 0 = 3*k + 4*v - 372. List the prime factors of k.
2
Let t(m) = -m + 4. Suppose -2*d + 4 = 12. List the prime factors of t(d).
2
What are the prime factors of 11/((-55)/(-390)) + 1 + -1?
2, 3, 13
Suppose -1 = a - 3. List the prime factors of (a/(-4))/((-7)/224).
2
Suppose 21 = y + 6. What are the prime factors of (y/6 - 2)*22?
11
Suppose 3*z + 2 = 5*z + a, -5*a = -3*z + 16. Suppose z*y = 5*y - 51. Suppose x + 5*r = y, -x + 5*r = -0*x - 7. List the prime factors of x.
2, 3
Let y = 1 - 0. List the prime factors of (-322)/(-12) + y/6.
3
Suppose 29 = -4*x - 63. Let z be 1 - 2 - (0 - x). Let r = 44 + z. What are the prime factors of r?
2, 5
Let a = -2 - -16. What are the prime factors of a?
2, 7
Suppose 6*v - 3*v - 63 = 0. Suppose v = 4*a + 5. List the prime factors of a.
2
Suppose 5*r + 0*r + 3*w = 135, -4*w = 4*r - 116. What are the prime factors of r?
2, 3
Suppose -5*h = 3*o - 116, 2*o + 106 = 2*h + 2*h. What are the prime factors of h?
5
Let x(s) = s**3 - s**2 + 1. Let j = 0 + 1. Let b be 1 + (j - 2 - -2). What are the prime factors of x(b)?
5
Let n = 630 + -364. List the prime factors of n.
2, 7, 19
Let s = 29 + -20. What are the prime factors of s?
3
Suppose -s - 4*g + 73 = 0, -7*s = -2*s + g - 346. What are the prime factors of s?
3, 23
Suppose -26*j = -34*j + 2464. List the prime factors of j.
2, 7, 11
What are the prime factors of 10/5*1 + 85?
3, 29
Suppose 0 = n - 6*n + 365. Suppose 47 + n = 5*f. List the prime factors of f.
2, 3
Let j(i) = -2*i - 35. Let c be j(-19). Let d(s) = -1 + 4 + 0 - 3*s + 2*s**2. List the prime factors of d(c).
2, 3
Suppose d + 0*d - 28 = -5*o, o - 12 = -d. Let j(s) = -s**3 + 7*s**2 + 8*s + 2. List the prime factors of j(d).
2
Suppose k = -7*a + 4*a - 8, -3*k - 2*a + 4 = 0. Suppose -5*z + k = -21. What are the prime factors of (z - -10) + (0 - 2)?
13
Let b(r) = r**3 - 12*r**2 + 14*r - 3. Let h be b(11). Suppose -2*z - h = -5*i - 3, -4*z = 4. What are the prim